nder when 496155 is divided by 408?
27
Calculate the remainder when 2561939 is divided by 387.
386
What is the remainder when 122004 is divided by 252?
36
What is the remainder when 145977 is divided by 5322?
2283
What is the remainder when 1600178 is divided by 117?
86
Calculate the remainder when 1771978 is divided by 79.
8
What is the remainder when 143224 is divided by 35763?
172
What is the remainder when 4760518 is divided by 476049?
28
What is the remainder when 742765 is divided by 247274?
943
Calculate the remainder when 108170 is divided by 957.
29
What is the remainder when 1090038 is divided by 8385?
8373
Calculate the remainder when 968440 is divided by 2593.
1251
Calculate the remainder when 6261500 is divided by 192.
188
What is the remainder when 4701033 is divided by 13?
12
Calculate the remainder when 7014596 is divided by 186.
164
What is the remainder when 1052824 is divided by 881?
29
What is the remainder when 1507175 is divided by 376535?
1035
Calculate the remainder when 42427 is divided by 94.
33
Calculate the remainder when 269223 is divided by 151.
141
Calculate the remainder when 944253 is divided by 834.
165
Calculate the remainder when 633032 is divided by 633026.
6
Calculate the remainder when 153374 is divided by 19144.
222
What is the remainder when 22318981 is divided by 1239943?
7
What is the remainder when 633862 is divided by 2190?
952
What is the remainder when 814847 is divided by 767?
293
What is the remainder when 281326417 is divided by 27?
25
What is the remainder when 3089306 is divided by 3290?
3286
What is the remainder when 88528824 is divided by 19?
15
What is the remainder when 1500755 is divided by 579?
566
What is the remainder when 5220017 is divided by 139?
11
What is the remainder when 707169 is divided by 1488?
369
What is the remainder when 1102434 is divided by 6600?
234
Calculate the remainder when 14506532 is divided by 26.
14
Calculate the remainder when 79893 is divided by 4282.
2817
Calculate the remainder when 53025 is divided by 26504.
17
Calculate the remainder when 1212833 is divided by 87.
53
Calculate the remainder when 5503216 is divided by 128.
112
What is the remainder when 398340 is divided by 5900?
3040
Calculate the remainder when 632483 is divided by 253.
236
Calculate the remainder when 886823 is divided by 200.
23
Calculate the remainder when 47155978 is divided by 54.
46
Calculate the remainder when 30554 is divided by 6941.
2790
What is the remainder when 694333 is divided by 15780?
13
What is the remainder when 238956 is divided by 1473?
330
What is the remainder when 1404267 is divided by 1173?
186
What is the remainder when 22181770 is divided by 180?
10
What is the remainder when 1545305 is divided by 743?
608
What is the remainder when 167614 is divided by 33504?
94
Calculate the remainder when 152469 is divided by 595.
149
Calculate the remainder when 514063 is divided by 8030.
143
What is the remainder when 6035795 is divided by 12?
11
Calculate the remainder when 12000334 is divided by 4000098.
40
What is the remainder when 485427094 is divided by 26?
22
What is the remainder when 33115 is divided by 9115?
5770
What is the remainder when 5054305 is divided by 49?
4
Calculate the remainder when 4267290 is divided by 1535.
1525
What is the remainder when 65862 is divided by 169?
121
Calculate the remainder when 843852175 is divided by 458.
457
Calculate the remainder when 29276 is divided by 7098.
884
What is the remainder when 10173119 is divided by 1695517?
17
What is the remainder when 13171583 is divided by 70?
33
What is the remainder when 5846316 is divided by 1390?
1366
Calculate the remainder when 27544178 is divided by 13772044.
90
What is the remainder when 2018766 is divided by 242?
2
What is the remainder when 7465096 is divided by 240809?
17
Calculate the remainder when 21064792 is divided by 458.
456
What is the remainder when 33215887 is divided by 159?
151
Calculate the remainder when 57990544 is divided by 25.
19
Calculate the remainder when 507555869 is divided by 14193.
14189
What is the remainder when 2709438 is divided by 120?
78
Calculate the remainder when 19119805 is divided by 1359.
34
Calculate the remainder when 1477575 is divided by 77.
22
Calculate the remainder when 60557 is divided by 1214.
1071
What is the remainder when 577400 is divided by 2745?
950
What is the remainder when 13993 is divided by 2475?
1618
Calculate the remainder when 76242 is divided by 15228.
102
Calculate the remainder when 1935195 is divided by 2416.
2395
Calculate the remainder when 3209624 is divided by 4812.
20
What is the remainder when 6204818 is divided by 1341?
11
Calculate the remainder when 1250798 is divided by 59.
57
Calculate the remainder when 244319 is divided by 434.
411
Calculate the remainder when 8546529 is divided by 305231.
61
Calculate the remainder when 45365943 is divided by 270.
3
What is the remainder when 22006556 is divided by 119?
5
What is the remainder when 879558 is divided by 12386?
152
What is the remainder when 139652 is divided by 489?
287
What is the remainder when 36117 is divided by 17821?
475
What is the remainder when 8613586 is divided by 2153390?
26
Calculate the remainder when 1517465 is divided by 51.
11
Calculate the remainder when 3420623 is divided by 246.
239
Calculate the remainder when 246464 is divided by 38970.
12644
Calculate the remainder when 379065848 is divided by 253.
249
Calculate the remainder when 1013599 is divided by 422.
377
What is the remainder when 9945881 is divided by 127?
3
Calculate the remainder when 4435265 is divided by 95.
0
What is the remainder when 30761 is divided by 2546?
209
Calculate the remainder when 594571 is divided by 3.
1
What is the remainder when 319252 is divided by 159544?
164
What is the remainder when 169178122 is divided by 1064?
1058
What is the remainder when 1031402 is divided by 68759?
17
Calculate the remainder when 133377 is divided by 5045.
2207
What is the remainder when 41240924 is divided by 495?
494
Calculate the remainder when 3161899 is divided by 1416.
1387
What is the remainder when 13092961 is divided by 10593?
13
Calculate the remainder when 1481694 is divided by 3397.
602
Calculate the remainder when 170270 is divided by 747.
701
Calculate the remainder when 227188 is divided by 882.
514
Calculate the remainder when 421891 is divided by 4235.
2626
Calculate the remainder when 111701 is divided by 5385.
4001
What is the remainder when 34320539 is divided by 55?
44
What is the remainder when 12539 is divided by 364?
163
Calculate the remainder when 702713 is divided by 873.
821
What is the remainder when 624079 is divided by 623836?
243
What is the remainder when 349747 is divided by 1870?
57
What is the remainder when 1756670 is divided by 109?
26
What is the remainder when 2630994 is divided by 876977?
63
Calculate the remainder when 2014137 is divided by 1006527.
1083
Calculate the remainder when 528955 is divided by 35.
0
Calculate the remainder when 726739 is divided by 181461.
895
What is the remainder when 64759802 is divided by 512?
506
What is the remainder when 217245 is divided by 626?
23
What is the remainder when 4959580 is divided by 1653190?
10
What is the remainder when 108275 is divided by 26?
11
Calculate the remainder when 21509 is divided by 4531.
3385
Calculate the remainder when 1302385 is divided by 10013.
695
Calculate the remainder when 3209938 is divided by 45.
43
Calculate the remainder when 12777860 is divided by 4259221.
197
Calculate the remainder when 5118234 is divided by 232646.
22
What is the remainder when 491895846 is divided by 8?
6
What is the remainder when 2573777 is divided by 257377?
7
Calculate the remainder when 160234 is divided by 9423.
43
Calculate the remainder when 83201064 is divided by 41600528.
8
What is the remainder when 177904 is divided by 9880?
64
Calculate the remainder when 8062636 is divided by 707.
8
What is the remainder when 3833850 is divided by 1916913?
24
Calculate the remainder when 334044 is divided by 8323.
1124
Calculate the remainder when 22444632 is divided by 2541.
2520
Calculate the remainder when 1293152 is divided by 23090.
112
Calculate the remainder when 5004335 is 